divisor of 14 and n.
7
Let c = -1169 - -2556. Suppose 1143 = 2*q - 2*z + 457, z + c = 4*q. Calculate the greatest common divisor of q and 12.
12
Let f be ((-12)/(-10))/((-2)/(-70)). Suppose -f = -a - a. What is the greatest common divisor of a and 63?
21
Suppose 4*t + 46 + 10 = 0. Let v be (t + 1)*(-8)/8. Calculate the highest common divisor of v and 117.
13
Suppose 0 = -24*l + 14758 + 28154. Calculate the greatest common factor of 48 and l.
12
Suppose -3*s - 4*h = -13, 0 = -5*s - 4*h + 27 - 0. Let j be (2 - s)*312/(-10). What is the highest common factor of j and 12?
12
Suppose -u + 4*v = -172 - 650, 0 = -2*u - 3*v + 1622. Let y = -504 + u. Calculate the greatest common divisor of y and 124.
62
Let a(o) = 499*o**2 - 117*o - 116. Let l be a(-1). What is the highest common divisor of 460 and l?
20
Let k(g) = -11*g + 610. Let h be k(46). What is the greatest common divisor of 18 and h?
2
Let l = 27714 + -12151. What is the greatest common factor of l and 197?
197
Let b = -3085 + 3088. What is the highest common factor of 3 and b?
3
Suppose -s + 9 = 2*s, 5*r - 5*s = 75. Suppose -7 = 3*t + 2, -5*p - 4*t = -r. Let f be (((-4)/(-6))/(p/9))/1. What is the highest common factor of 5 and f?
1
Let q(h) = -43*h - 2280. Let k be q(-61). What is the greatest common divisor of 735 and k?
49
Let p = -535 + 815. Calculate the highest common divisor of p and 385.
35
Suppose -50*d + 2666 = -7684. What is the greatest common divisor of 639 and d?
9
Let n = -52 + 64. Suppose -b + 13*q + 60 = 9*q, 0 = -3*q + n. What is the highest common factor of 19 and b?
19
Let f = -355 - -359. Let i be 1144/(-26)*(-2 - (-6)/f). Calculate the highest common divisor of 374 and i.
22
Suppose -4*y = 16, -5*r = -y + 14 - 43. Suppose -r*t + 59 = -4*t. What is the highest common divisor of 59 and t?
59
Let m(b) = 108*b**3 - b**2 + 10*b + 9. Let t be m(-1). Let c = t - -117. Calculate the highest common factor of 133 and c.
7
Let j(s) = s**3 + 31*s**2 + 20*s - 120. Let g be j(-30). Let m be (g/(-171))/(-10) - (-23026)/19. What is the highest common divisor of 12 and m?
12
Suppose 0 = 2*s + 2*s - 5*z - 41, -2*s = -5*z - 23. Suppose 4*k + 17 = s. Let w be (-3 - k)/(1/2) + 30. What is the highest common factor of 7 and w?
7
Let g(w) = -13*w**2 + w + 4. Let f be g(2). Let c = -49 - f. Let n be (c + 28/8)/(4/32). What is the greatest common factor of 44 and n?
4
Let z be 1*2 - (1 - -5) - -9. Suppose -4*j + 3*d - 54 = 0, -j = -6*j - z*d - 50. Let x be (14 - -1)/(j/(-8)). Calculate the greatest common factor of x and 70.
10
Let s be ((-5000)/(-320) - 16)*(-16)/6. Calculate the highest common factor of s and 7.
1
Let u = 225 - 150. Suppose 49 = -46*i + 53*i. Let b be (57/21 - 3) + 212/i. What is the highest common divisor of u and b?
15
Let d = 176 + -169. Suppose 3*k = -5*b + 88, 3*k + 92 = -d*b + 11*b. Suppose 3*x + 23 = n, -19 - 7 = -2*n + 2*x. What is the highest common divisor of n and b?
4
Let m(a) = 2*a + 39. Let r be m(-22). Let t be -6*(15/(-9) - -2) - r. Let o be 22/t - 7/((-42)/4). Calculate the highest common divisor of o and 40.
8
Let h(l) = l**3 - 9*l**2 - 19*l - 9. Let k be h(11). Let y = k + -22. Let p be (20 - 4) + (y - 4) + 0. Calculate the greatest common divisor of p and 2.
2
Suppose 173*x = 190*x - 9010. Calculate the greatest common divisor of 4505 and x.
265
Suppose 4*m - 472 - 240 = 0. Suppose 0 = -10*t + 13*t + 3*v - 1347, 2*t = -4*v + 906. Calculate the greatest common divisor of m and t.
89
Suppose -2*y + 5*g = -13, -4*y + 3*y - 2*g = -29. Suppose -8 + 32 = 4*n. Let j be 95/1*6/n. What is the greatest common factor of j and y?
19
Let j(a) = -a**2 - 105*a + 4804. Let o be j(-126). Calculate the greatest common divisor of 2656 and o.
166
Suppose -k - 3*k = -108. Let z be 4/6 + 662/6 + (16 - 19). What is the greatest common factor of k and z?
27
Suppose 4*w + 212 = 644. Suppose 196 = 4*i + 180. Calculate the highest common factor of i and w.
4
Let n be (0/((-3)/3))/2. Suppose n = -2*u - 4*t + 16, -4*t + 9 = u - 3*t. Let d be 86 - 85 - -3*8. What is the highest common divisor of u and d?
5
Let b be -3 - -7 - (2 + 20) - -3. Let l be 6*5/(-10) - b. Calculate the highest common factor of l and 27.
3
Suppose 29 = -5*g - 151. Let f be g*5*(-4)/30. Suppose 5*b - 248 = -2*d, -6*b + 2*b + 2*d + 184 = 0. What is the greatest common factor of b and f?
24
Suppose 168*g - 25452 = 150*g. What is the greatest common divisor of g and 28?
14
Let n be 2 + ((-24)/18)/(4/(-1146)). Suppose 30*i = 22*i + n. Let w be (4*8)/(4/10). Calculate the highest common divisor of w and i.
16
Let i(q) = -q**3 + 4*q**2 + 2*q + 5. Let z be i(5). Let f(o) = -3*o**2 - 46*o - 28. Let k be f(z). Calculate the highest common divisor of k and 198.
66
Suppose 0 = 3*g + 3, 7*i - 5*g = 5*i + 655. Suppose 40*a - i = 75. Calculate the greatest common divisor of a and 10.
10
Let n(v) = 10*v**2 - 4*v - 4. Let i be n(-3). Let r = -74 + i. Let s = 110 - r. Calculate the greatest common factor of 215 and s.
43
Suppose 22*l - 867 = 39*l. Let r = l - -115. What is the greatest common divisor of r and 24?
8
Let k = 164 + -149. Let v = k + 102. Let w be (-2)/(-3) + (-407)/(-33). Calculate the highest common divisor of v and w.
13
Suppose -101*t + 30192 = -33*t. Calculate the greatest common divisor of 168 and t.
12
Suppose -6*x - 53*x - 2423 = -11745. Calculate the highest common divisor of 237 and x.
79
Let i = -9101 - -12566. What is the highest common factor of 70 and i?
35
Let y = 6518 + -6510. Calculate the highest common factor of 9304 and y.
8
Suppose 5*m + 4*h - 11519 = 0, -h + 326 = 320. Calculate the greatest common factor of 242 and m.
121
Let a be (-1007)/(-424) + (-3)/8. Let s = 6 - 4. Suppose 2*p + 6 - 2 = 0, -s*b + a*p = -100. Calculate the greatest common divisor of 3 and b.
3
Let z be 8*(-6)/96*-130. Let f = 64 + -12. What is the greatest common divisor of z and f?
13
Let a(v) = -10 - v**2 - 232*v + 240*v + 3*v**2. Let f be a(4). Let y = -37 + f. Calculate the greatest common factor of y and 68.
17
Let c be (78/(-12) + 5)*-1048*(-3)/(-18). What is the greatest common divisor of 16637 and c?
131
Let k be -30*(38/5 - 0). Let x be (-84583)/(-164) + ((-1)/(-1))/4. Let r = k + x. What is the highest common divisor of r and 36?
36
Let n = -8229 + 10577. What is the highest common divisor of n and 4?
4
Suppose 1513*u - 300 = 1498*u. What is the greatest common divisor of u and 5540?
20
Let t(v) = -34*v + 140. Let b be t(4). Suppose 3*u - 124 = -4*p, -b*u - u + 2*p = -198. What is the greatest common factor of 8 and u?
8
Let g(y) = -5*y**3 + 31*y**2 + 24*y - 23. Let u be g(-7). What is the greatest common divisor of 85 and u?
17
Let d be (-21)/6 + (-2289)/(-6). Let n(w) = 4*w**3 + 76*w**2 + w + 33. Let k be n(-19). What is the greatest common divisor of k and d?
14
Let g be (-20 + 6/(-3))/(-2). Let j be -3 - (2 + 2 + -6). Let w be (-24)/j - 10/5. What is the highest common divisor of w and g?
11
Suppose 0 = 3*s - 4*j - 9, 0*s = -2*s - 2*j - 8. Let l be (s/(4/(-15)))/(2/32). What is the highest common factor of l and 15?
15
Let d be ((-2)/(-12))/((-2)/24*(-580)/870). What is the highest common divisor of 519 and d?
3
Let o be (-17672)/(-56) + -4 + (-186)/(-42). What is the highest common divisor of 4 and o?
4
Let s = 15 - 341. Let y = -256 - s. Calculate the greatest common divisor of y and 56.
14
Let k be (30/(-24))/(2/(-16)). Let y = 63 + -13. What is the highest common factor of y and k?
10
Let t = 5885 - 5685. What is the greatest common factor of 880 and t?
40
Let z = -6476 + 7890. Calculate the greatest common divisor of 2626 and z.
202
Suppose 2*u + 906 = 2*g, -11*g + 1338 = -8*g + 4*u. What is the greatest common divisor of 72 and g?
18
Let c be 1678 - ((-80)/600 + 152/15). What is the highest common factor of 24 and c?
12
Let m = 166 - 333. Let v = 173 + m. Calculate the greatest common factor of v and 3.
3
Let n(x) = 2*x**2 - x. Let q(l) = -55*l**2 + l - 3. Let r(d) = -3*n(d) - q(d). Let s be r(-1). What is the greatest common divisor of 125 and s?
25
Let x be (18/72*732)/3. Calculate the greatest common factor of x and 1891.
61
Suppose 96 = 2*m - 14*m. Let o be (-3 - 90/(-40)) + (-670)/m. Calculate the greatest common factor of o and 1.
1
Let q(m) = m**3 - 47*m**2 + 373*m - 106. Let o be q(37). Calcu